{"id":2,"date":"2024-12-05T17:14:55","date_gmt":"2024-12-05T16:14:55","guid":{"rendered":"http:\/\/localhost\/lindentuning\/?page_id=2"},"modified":"2024-12-11T14:18:50","modified_gmt":"2024-12-11T13:18:50","slug":"exempelsida","status":"publish","type":"page","link":"http:\/\/lindentuning.ddns.net\/?page_id=2","title":{"rendered":"Saab-trim"},"content":{"rendered":"\n<p>Sugen p\u00e5 att uppgradera din Saab?<br>D\u00e5 har du kommit r\u00e4tt.<br><br>Vi \u00e4r \u00e5terf\u00f6rs\u00e4ljare av Mackanized-mjukvara f\u00f6r m\u00e5nga Saabar med turbo.<br><br>Hur g\u00e5r det till?<\/p>\n\n\n\n<p>Vi k\u00f6r en testrunda, lyssnar lite snabbt p\u00e5 motorn och kollar felkoder.<br>Om allt verkar ok s\u00e5 tas en backup av nuvarande mjukvara, sedan flashas en uppdaterad mjukvara till boxen.<br>Efter det tar vi en ny testrunda f\u00f6r att kontrollera s\u00e5 att allt fungerar.<br><br>F\u00f6r vissa \u00e4ldre Saabar kan man beh\u00f6va montera loss styrboxen f\u00f6r att enkelt programmera den.<br><br>Observera att vi inte tar ansvar om n\u00e5got g\u00e5r s\u00f6nder t.ex. koppling.<br>Det \u00e4r \u00e4garens ansvar att se till att bilen \u00e4r i s\u00e5dant skick att den klarar att trimmas.<br>Koppling p\u00e5 9-3 2003-2006\/2007 kan vara k\u00e4nsliga.<\/p>\n\n\n\n<p>Steg och krav, observera att vi tillhandah\u00e5ller mjukvara och spridare, inga andra delar i nul\u00e4get. Nedan \u00e4r exempel p\u00e5 stegen.<\/p>\n\n\n\n<p>Steg 1: Enbart mjukvara<br>Steg 2: Mjukvara och avgassystem eller intercooler<br>Steg 3: Mjukvara, avgassystem och intercooler<br>Steg 4: Allt ovan samt turbo, spridare, Biopower med mera. <br><br>Saab 9-3 &amp; 9-5 T7\/T8 FWD<br><br>Steg 1-3: 2500:-<br>Steg 4-5: (spridare, turbo, med mera) fr\u00e5n 3900:-<br><br>Saab 9-3 T8 XWD<br><\/p>\n\n\n\n<p>Steg 1-3: 3000:-<br>Steg 4-5: (spridare, turbo med mera) fr\u00e5n 4500:-<br><\/p>\n\n\n\n<p>Saab 9-3\/Opel Vectra V6 ME9.6<\/p>\n\n\n\n<p>Steg 1: 3000:-<br>Steg 3: 3500:-<br>Steg 4-5: (spridare, turbo med mera) fr\u00e5n 4500:-<\/p>\n\n\n\n<p>Saab 9-3\/Opel Vectra TiD\/TTiD Z19DTx<\/p>\n\n\n\n<p>Steg 1: 2500:-<br>Steg 1 + EGR off: 3000:-<br>Steg 2 (EGR &amp; DPF off): 3900:-<\/p>\n\n\n\n<p>Saab NG9-5\/Opel Insignia TiD\/TTiD EDC17<\/p>\n\n\n\n<p>Steg 1: 3500:-<\/p>\n\n\n\n<p>Saab 9-3 Nevs and NG9-5 Biopower Turbo4\/Opel insignia<\/p>\n\n\n\n<p>Steg 1: 3500:- (300hk\/450nm)<br>Steg 1+: 4900:- (300hk\/480nm)<\/p>\n\n\n\n<p>Spridare Bosch 550cc till 9-3 2003-2011 Bensin\/Biopower: Dagspris, ca. 2000:- f\u00f6r 4st.<\/p>\n","protected":false},"excerpt":{"rendered":"<p>Sugen p\u00e5 att uppgradera din Saab?D\u00e5 har du kommit r\u00e4tt. Vi \u00e4r \u00e5terf\u00f6rs\u00e4ljare av Mackanized-mjukvara f\u00f6r m\u00e5nga Saabar med turbo. Hur g\u00e5r det till? Vi k\u00f6r en testrunda, lyssnar lite snabbt p\u00e5 motorn och kollar felkoder.Om allt verkar ok s\u00e5 tas en backup av nuvarande mjukvara, sedan flashas en uppdaterad mjukvara till boxen.Efter det tar [&hellip;]<\/p>\n","protected":false},"author":1,"featured_media":0,"parent":0,"menu_order":0,"comment_status":"closed","ping_status":"open","template":"","meta":{"footnotes":""},"class_list":["post-2","page","type-page","status-publish","hentry"],"_links":{"self":[{"href":"http:\/\/lindentuning.ddns.net\/index.php?rest_route=\/wp\/v2\/pages\/2","targetHints":{"allow":["GET"]}}],"collection":[{"href":"http:\/\/lindentuning.ddns.net\/index.php?rest_route=\/wp\/v2\/pages"}],"about":[{"href":"http:\/\/lindentuning.ddns.net\/index.php?rest_route=\/wp\/v2\/types\/page"}],"author":[{"embeddable":true,"href":"http:\/\/lindentuning.ddns.net\/index.php?rest_route=\/wp\/v2\/users\/1"}],"replies":[{"embeddable":true,"href":"http:\/\/lindentuning.ddns.net\/index.php?rest_route=%2Fwp%2Fv2%2Fcomments&post=2"}],"version-history":[{"count":6,"href":"http:\/\/lindentuning.ddns.net\/index.php?rest_route=\/wp\/v2\/pages\/2\/revisions"}],"predecessor-version":[{"id":47,"href":"http:\/\/lindentuning.ddns.net\/index.php?rest_route=\/wp\/v2\/pages\/2\/revisions\/47"}],"wp:attachment":[{"href":"http:\/\/lindentuning.ddns.net\/index.php?rest_route=%2Fwp%2Fv2%2Fmedia&parent=2"}],"curies":[{"name":"wp","href":"https:\/\/api.w.org\/{rel}","templated":true}]}}